pose b = 4*y + 2*h - 214, 0 = 2*y + 5*h - 68 - 19. What is the tens digit of y?
5
Let i be -1*(-6)/(-18)*0. Suppose 2*s = -i*s + 896. What is the tens digit of s?
4
Let h(b) = -748*b - 1188. What is the hundreds digit of h(-23)?
0
Let n(d) = 75*d + 15. Let w(b) be the first derivative of 15*b**2/2 + 3*b - 6. Let s(k) = 4*n(k) - 21*w(k). What is the tens digit of s(-4)?
5
Let f be (-23)/(-6) + 3/18. Suppose 35 = 5*v - f*i, 3*v = v - 2*i - 4. Suppose 0 = -v*t + 94 + 149. What is the tens digit of t?
8
Let a be 1670/6 + 0 + (-76)/(-114). What is the thousands digit of a/651 - (-19832)/14?
1
Let v(k) = -844*k - 271. What is the tens digit of v(-8)?
8
Let h = 140 + -135. Suppose -4*c - 4*o = -576, -c = 2*c - h*o - 432. What is the hundreds digit of c?
1
Suppose -4*x + 58 = p, -2*p - 60 = 3*x - 166. Suppose -306 = 49*a - p*a. What is the tens digit of a?
0
Suppose -2*x = -252 + 268, 3*x - 66958 = -q. What is the thousands digit of q?
6
Let p = -3 + 10. Let y(g) = 13*g + 9*g - 11*g - 29 + g. What is the units digit of y(p)?
5
Let d(g) = g**2 - 32*g - 88. Let n be d(31). Let z = 35 - n. What is the units digit of z?
4
What is the tens digit of ((-7104)/20)/(22 + 7483/(-340))?
5
Let u(r) = 6*r**2 - 39*r - 108. What is the units digit of u(36)?
4
Let q(d) = 92*d**3 + d**2 - d. Let r be 45/55 - (-2)/11. What is the tens digit of q(r)?
9
Suppose -60 = -28*f + 16*f. Suppose f*n = -w + 1053, 4*w + 5*n = w + 3189. What is the units digit of w?
8
Let j = -19230 - -27106. What is the units digit of j?
6
Let v = -133 + 80. Let x = v - -58. Let w(i) = 4*i**2 + 5*i - 15. What is the hundreds digit of w(x)?
1
Let d be (-76)/(-114)*6*1. Suppose 3*t + 3526 = 4*y, d*t + 1758 = -y + 3*y. What is the units digit of y?
3
Suppose 4*k - 13348 = -4*a, -18*a + 19*a = -6. What is the thousands digit of k?
3
Let d(b) = -20*b**3 - b**2 - b + 1. Let g be d(3). Let z = g - -954. What is the tens digit of z?
0
Suppose 67*z - 151382 = 123*z - 70*z. What is the hundreds digit of z?
8
Let k(s) = -7*s**2 + 5*s - 6. Let h(y) = -y**2. Let i(w) = 4*h(w) - k(w). Let c be i(-9). Suppose 5*t + t = c. What is the units digit of t?
9
Let o = 23 - -27. Suppose -48*i + o*i - 220 = 0. Let y = i + -54. What is the units digit of y?
6
Let b(q) = 31*q**2 - 48*q + 70. What is the tens digit of b(11)?
9
What is the ten thousands digit of (221/(-51))/(7 - 369816/52830)?
3
Let j(o) = -o**3 + 3*o**2 + 14*o + 6. Let m(i) = i**3 - 9*i**2 - 12*i + 9. Let x be m(10). What is the thousands digit of j(x)?
1
Let a(j) = -6 + 4*j**2 + 11*j + 13 + 2 + 9. What is the units digit of a(9)?
1
Let k = 36290 - 27330. What is the tens digit of k?
6
Let q(z) be the first derivative of 5*z**4/4 - 3*z**3 - 7*z**2/2 + 2*z - 121. What is the tens digit of q(3)?
3
Suppose 46*s - 4*a + 9732 = 48*s, 0 = 2*s - a - 9757. What is the hundreds digit of s?
8
Suppose 4*p + 0*u + 5*u - 146395 = 0, -u - 292845 = -8*p. What is the thousands digit of p?
6
Let q(c) = c**3 + 81*c**2 + 208*c - 410. What is the thousands digit of q(-73)?
7
Suppose 2*q = -0*q + 2*r + 1662, -2*r + 834 = q. Suppose -2*j + 1248 = j + 4*u, -2*j = -4*u - q. Let i = -237 + j. What is the hundreds digit of i?
1
Let v be -2*(-7 + 27/6). Let o be (-3)/6*2 - -366. Suppose 0 = -5*d + v*f + o, -7*f = -2*f + 25. What is the units digit of d?
8
Let g = 442 + -34. Let x = g + -157. What is the tens digit of x?
5
Let u = -3711 + 7208. What is the tens digit of u?
9
Let d(v) = 4*v - 70. Let w be d(-49). What is the tens digit of -66*(-3)/((-63)/w)?
3
Suppose 4 = -8*k + 9*k. Suppose h - 427 = 4*i - 3*i, -k*i = h - 422. What is the tens digit of h?
2
Suppose 3*i - 15 = -w, 6 = -w + i + 1. Suppose 15*z - 16*z + 4 = w. Suppose -152 = -q + 2*t - 40, 0 = 4*t + z. What is the tens digit of q?
1
Let o(l) be the first derivative of l - 11/3*l**3 + 1/2*l**2 + 1/4*l**4 - 4. What is the units digit of o(11)?
2
Let t(h) = h**3 - 44*h**2 - 85*h + 44. What is the units digit of t(48)?
0
Let y = 282 - 279. Suppose y*p - 2485 = 2195. What is the units digit of p?
0
Let g(b) = -66*b - 3. Let w(v) = v + 1. Let q(d) = -g(d) - 2*w(d). Let s be q(-1). Let t = 101 + s. What is the tens digit of t?
3
Let d(g) be the third derivative of -g**5/60 - 5*g**4/24 - g**3/3 - 10*g**2. Let m be d(-2). What is the units digit of ((-5)/3)/(m/(-228))?
5
Let j(v) = v**3 + 19*v**2 + 10*v - 46. Let a be j(-18). Suppose 1928 - a = 2*k. What is the units digit of k?
5
Suppose 27*z - 4*s = 29*z - 11080, 2*z + s - 11086 = 0. What is the tens digit of z?
4
Let w(m) = -3*m + 10. Let g be w(3). What is the units digit of 687 + (g - 7) - 6?
5
What is the ten thousands digit of (3096/(-120) - -21)/((-4)/44830)?
5
Let j be 6/(-4)*17/(51/(-6058)). Suppose 3*x - 2454 = -4*y + 571, x + j = 4*y. What is the tens digit of y?
5
Let t = -178 + 184. Let q(b) be the third derivative of 2*b**4/3 - 3*b**3/2 - 3*b**2. What is the units digit of q(t)?
7
Let p(r) = 308*r**2 + 32*r - 1129. What is the thousands digit of p(-16)?
7
Let t be -58*(3 + (0 - 2)). Let j = -103 - t. What is the tens digit of 12/16 + j/(-4)?
1
Let b(y) = -1005*y - 826. What is the hundreds digit of b(-12)?
2
Suppose -105*r = -113*r + 32. Let u(a) = 21*a**3 - 3*a**2 + 5*a + 6. What is the units digit of u(r)?
2
Let v = 78 + -71. Let t(n) = n**3 - 7*n**2 + 3*n - 14. What is the units digit of t(v)?
7
Suppose 455*j - 33469 = 432*j + 16625. What is the thousands digit of j?
2
Let p = 179 + 321. Suppose 18*i - 2948 = -p. What is the units digit of i?
6
What is the hundreds digit of ((-18611)/74)/(2/(-4))?
5
Let f = -46942 + 81127. What is the units digit of f?
5
Let n(q) = -4*q + 46. Let c be (((-16)/6)/(-2))/((-12)/(-90)). Let l be n(c). Suppose 978 = -0*x + l*x. What is the tens digit of x?
6
Let p be (-2)/((-4)/3824*4). Let c = -184 + p. What is the tens digit of c?
9
Let p be (-828)/(-115)*6/((-24)/(-50)). Let z = 6 + -4. Suppose -z*y - 5*s = -112, 3*s = 3*y - p - 78. What is the tens digit of y?
5
Let m(x) = -10*x - 26. Let p be m(-8). Let l = p - 47. Suppose -8*h + 123 = -l*h. What is the units digit of h?
3
Let i be 0/2 - 5/(5/(-149)). Suppose 0 = 4*f + 5*g - 2198 - 239, 4*f - 2446 = -2*g. Suppose 8*h + i - f = 0. What is the tens digit of h?
5
Let o(z) = 98*z + 91*z - 197*z + 2*z**2 + 9. Let t be o(10). Suppose -4*j = -3*j - t. What is the tens digit of j?
2
What is the thousands digit of (58420 + (-15 - -2))*(-3)/(-18)*2?
9
Suppose 0 = -18*i + 16*i + 10. Suppose -i*j = -j - 944. What is the hundreds digit of j?
2
Let t be -1*4 + -9 + 15. Let f be 121/(-17) - t/(-17). Let n = 62 + f. What is the units digit of n?
5
Suppose 23908 = 4*w + 2*b, 16*w - 21*w - 4*b + 29882 = 0. What is the hundreds digit of w?
9
Let p = 30567 - -5226. What is the units digit of p?
3
Let n = -16138 - -18606. What is the units digit of n?
8
Suppose 16*d = 18*d + 44*d - 751456. What is the units digit of d?
6
Let t = -18129 + 26219. What is the hundreds digit of t?
0
Let q(r) be the second derivative of r**4/4 - 2*r**3/3 - r**2/2 - 8*r. Let u be q(2). Suppose -575 = -u*h - 2*h. What is the hundreds digit of h?
1
Let u be 7 + 14/(-2) + (-165 - 3). What is the tens digit of (u/(-105))/((-4798)/1600 - -3)?
8
Let p(h) = -2*h**2 - 17*h - 5. Let l be p(-8). Let j be 2 - (l - 7)/4*25. Suppose 3*i - 96 - j = 0. What is the tens digit of i?
4
Let y = -15 + 96. Let h = y - 42. Suppose 72 + h = 3*q. What is the tens digit of q?
3
Suppose 442*j - 494*j + 916136 = 0. What is the thousands digit of j?
7
Let s = -32649 + 90184. What is the thousands digit of s?
7
What is the units digit of (63 - 59) + (4/(-6) - (-3948)/9)?
2
Let y = 26626 - -20467. What is the thousands digit of y?
7
Let n(k) = 99*k**2 + 109*k - 2218. What is the tens digit of n(18)?
2
Suppose -3*a = h - 27, -3 = 4*h - 5*a - 60. Suppose 0 = m + h*m - 3895. What is the hundreds digit of m?
2
Suppose -p = 5, 9773 = b + p + 2037. What is the tens digit of b?
4
Let r = 279 - 279. What is the units digit of (531 - 22) + r + 5?
4
Let t(r) = -4*r + 9. Let h be t(3). What is the tens digit of (-44 - -13)/(h/24)?
4
What is the tens digit of 67461236/1700 + (-12)/150?
8
Let k(i) = -i**2 - 7*i + 179. Let f be k(0). What is the tens digit of 15/(15/4)*f?
1
Let o = 83 + -56. Suppose 816 = -30*y + o*y. What is the tens digit of 2/7 - y/28?
1
S